 2*o - k + 4*k + 21, o + 13 = -4*k. What are the prime factors of o/(-6)*8 + -1?
11
Let q(u) = u**2 + 61. List the prime factors of q(0).
61
Let l = 143 - -143. List the prime factors of l.
2, 11, 13
Let q(k) = 8*k - 1. Suppose x - 2 + 0 = 0. What are the prime factors of q(x)?
3, 5
Let y(n) = 2*n**2 + n - 18. List the prime factors of y(-8).
2, 3, 17
Suppose 3*j = -2*v + 125, 2*j + 137 + 137 = 4*v. List the prime factors of v.
67
Suppose -5*b + 161 = 41. Let s = b - 9. What are the prime factors of s?
3, 5
Let o be 19 + (-1)/(-1)*-1. Let p = o + -6. Suppose 30 + p = 2*n. List the prime factors of n.
3, 7
Let b = -115 + 198. What are the prime factors of b?
83
What are the prime factors of (-351)/(-3) - (-2 + 1)?
2, 59
Suppose -28 = 4*d - 8. Let j = -2 - d. Let o(v) = -v**3 + 3*v**2 + 2*v - 2. What are the prime factors of o(j)?
2
List the prime factors of -1*(-53 - (4 + -4)).
53
Suppose -4*q + 40 + 83 = 5*n, 5*n = -3*q + 121. Suppose 0 = -5*l + 48 - 13. Let j = n - l. List the prime factors of j.
2
Suppose -4*h + 2*t = -h + 2, -h - t + 6 = 0. List the prime factors of (-10 - -5)/(h/(-6)).
3, 5
Suppose -26 = -4*m - 2*k, k = -m + 4 + 4. Let n(v) = 2*v + 3. List the prime factors of n(m).
13
Let j = 17 - 14. Let t = -5 - -7. Suppose -18 = -4*n + n + 2*l, t*n - j*l = 7. What are the prime factors of n?
2
Suppose -17 = -5*r + 23. Let t = r - 14. What are the prime factors of (0 - t)/3 - -1?
3
Let z(p) = -p. Let k be z(0). Let j be k + 0 + 4 + -2. List the prime factors of ((-9)/j)/((-1)/2).
3
What are the prime factors of 206 - ((-6)/(-14) + 12/(-28))?
2, 103
Let f = 263 - 111. What are the prime factors of f?
2, 19
Suppose 5*d = -0*d + y + 12, -d = 5*y + 8. Let x(w) = w**3 - 4*w**3 - 14*w**d + 15*w + 4*w**3 - 9. List the prime factors of x(13).
17
Let i(n) = -2*n + 12. Let t be i(-6). Suppose -2*q + 38 + t = 0. What are the prime factors of q?
31
Suppose 3*o - o = 8. Suppose -5 = p + 5*n, 5*n + 6 + o = 0. What are the prime factors of p?
5
Let o(t) = t**3 - 6*t**2 - 4*t - 2. Let d be o(6). Let a = d + 44. List the prime factors of a.
2, 3
Let t be ((-2)/(-4))/(2/(-4)). Let y be ((-2)/5)/t*20. What are the prime factors of 62/y + (-4)/(-16)?
2
Let q(n) = -2*n + 4. Let o be q(6). Let g = o + 22. What are the prime factors of g?
2, 7
Let l(v) = -v + 14. Let o be l(11). What are the prime factors of 8*o/((-6)/(-4))?
2
Let m = 93 - 56. Let d = m + -14. List the prime factors of d.
23
Let l be (-2 - -3 - 0) + 6. Let k(q) = -q**3 + 6*q**2 + 9*q - 9. List the prime factors of k(l).
5
Suppose 5*u + 3*b - 11 = 4*b, -2*b + 11 = u. Suppose -u*o + 2*c + 37 = -2*c, 4*o = c + 58. List the prime factors of o.
3, 5
Let u be (-5)/(-15) + (-14)/(-3). Suppose 0 = -2*i + i - 2*q + 10, u*q = -4*i + 28. What are the prime factors of i?
2
Suppose 3*b + 9 = 21. Suppose 0 = 2*f - 4, -b*w + 0*f + 26 = 3*f. What are the prime factors of w?
5
Suppose -z - 2871 = -10*z. What are the prime factors of z?
11, 29
Let i = 105 + -50. Suppose -2*u + 8 = 2. Suppose 2*l + u*l = i. What are the prime factors of l?
11
Suppose r + 5 = 3*i - 14, -i - 4*r = -15. List the prime factors of i.
7
Let n = -60 + 26. Let h = -21 - n. List the prime factors of h.
13
Suppose 12 = 2*f + 4. What are the prime factors of f?
2
Let o(n) be the second derivative of 11*n**4/12 - n**3/6 + 2*n. What are the prime factors of o(1)?
2, 5
Let y = 14 + 34. What are the prime factors of y?
2, 3
Let w = -38 - -69. List the prime factors of w.
31
Let q(h) = 5*h**3 + h**2 - 13*h + 3. Let m(f) = f**3 - f**2 - f. Let p(y) = 6*m(y) - q(y). Let b be p(6). Let s = b - -7. List the prime factors of s.
2, 5
Let x(f) = -2*f**2 + 5*f. Let s be x(5). Let l = 43 + s. Let j = l - 11. What are the prime factors of j?
7
Let y = -104 - -164. Let s = y - 32. List the prime factors of s.
2, 7
Let j = 73 + 50. What are the prime factors of j?
3, 41
Let a = 16 + -4. Let c be (9/a)/((-2)/(-8)). Suppose 39 = c*s + 3*n, 2*n - 42 = -3*s - 8. List the prime factors of s.
2
Let v(j) = 4*j - 3*j + 5 + 4*j - j**2 + j. What are the prime factors of v(6)?
5
Suppose 0 = -3*n - 0*n + 129. What are the prime factors of n?
43
Let v(w) = w**2 + 8*w - 4. Let n be v(-8). Let j(y) = -y**2 - 4*y + 3. List the prime factors of j(n).
3
Suppose -12 = v - 2*i - 2*i, 0 = 3*v - 2*i + 46. What are the prime factors of 2 + (v - -1)/(-1)?
17
Let n be (3 - -3)*1/(-1). Let z = n - -18. What are the prime factors of z?
2, 3
Let l(k) = -9*k - 3. Let t be l(-3). Suppose 0 = d + 3*d - t. What are the prime factors of d?
2, 3
Suppose 0 = -n - 2*n + 24. What are the prime factors of ((-22)/4)/((-4)/n)?
11
Suppose 0*c + 6*c - 186 = 0. What are the prime factors of c?
31
Let b be 2/4 - (-60)/8. Suppose -k + f + 10 = k, 2*f + b = 0. List the prime factors of k.
3
Let i = 5 + -3. Suppose -t = i*t + 135. Let y = t + 65. What are the prime factors of y?
2, 5
Let s = -22 - -67. List the prime factors of s.
3, 5
Suppose -2*a + 5*z = -29, 3*a = z + 31 + 19. What are the prime factors of a?
17
Let i(o) = -4*o - 6. List the prime factors of i(-16).
2, 29
Suppose -3*j + 8 = -5*i, 0 = 4*j + i - 2*i - 22. List the prime factors of (-1)/(((-15)/j)/5).
2
Suppose -3*d = -92 - 1. What are the prime factors of d?
31
Let v(q) = -q**3 + 8*q**2 - 13*q + 4. Let a be v(6). Let n(u) = -3*u**3 - 3*u**2 - 3*u - 2. What are the prime factors of n(a)?
2
Let y be -5 - 8/(-20)*-5. What are the prime factors of 174/21 + 2/y?
2
Let b be -2*(3/1 + -4). Suppose -3*z + 25 + b = 0. What are the prime factors of z?
3
Suppose 0 = -l + 5*l - 24. Let w be 0 - (1 - (-1 + -2)). List the prime factors of 34/((-3)/l*w).
17
Let u = -102 - -157. List the prime factors of u.
5, 11
Let z(f) = -f**3 + 5*f**2 - 5*f + 5. Let k be z(4). Let a = 8 + k. Let o = -1 + a. What are the prime factors of o?
2
Let b(i) = 30*i**3 - 1. Let j be b(1). Let g = j - 19. What are the prime factors of g?
2, 5
Let v(i) = 3*i**2 + 6*i + 1. Let l be v(-4). Suppose l - 7 = h. What are the prime factors of h?
2, 3
Suppose 14 - 2 = -4*x - 4*f, 5*x = -2*f. Let r be (x/3)/((-3)/(-9)). What are the prime factors of ((-3)/r)/((-3)/6)?
3
Let n = 767 + -535. What are the prime factors of n?
2, 29
Let h(q) = -3*q + 16. What are the prime factors of h(-8)?
2, 5
Suppose 2*v + 2*y - 30 = 0, -5*y - 78 = -4*v - 0*v. List the prime factors of v.
17
Suppose -q = -4*q + 3*k + 648, -2*q = -k - 436. List the prime factors of q.
2, 5, 11
Let x(n) be the first derivative of n**3/3 - 3*n**2 + 2*n - 1. Let k be x(6). Let q = 11 - k. What are the prime factors of q?
3
Suppose -j + m + 67 = 4*m, -4*j - 5*m + 268 = 0. List the prime factors of j.
67
Let q(f) = 3 - 3 - 4*f + 2*f**2 + 5*f. List the prime factors of q(-4).
2, 7
Let d = -80 + 147. List the prime factors of d.
67
Let z be 5/((-2)/(-2)) + 0. Suppose 0 = -3*c + 5*u + 40, -6*c = -c + z*u. Let o = c - -6. List the prime factors of o.
11
Suppose 4*h - 18 = -u - 6, 5*u + 20 = 0. Suppose h*n = n + 18. List the prime factors of n.
2, 3
Let z = 650 + -379. What are the prime factors of z?
271
Suppose 5*v = -3*n + n + 2, 0 = -3*v + 3*n + 18. Suppose 4*o = v*f - 46, -3*o - 2*o - 48 = -2*f. What are the prime factors of f?
19
Suppose -l + 40 = j, 12 = -l + 4*l. Let a(f) = f**3 - 8*f**2 + 3*f. Let c be a(8). Let o = j - c. What are the prime factors of o?
2, 3
Suppose 2*x = -2 + 68. Let v = x + -6. List the prime factors of v.
3
Let a = 13 - 14. Let l = a + 25. List the prime factors of l.
2, 3
Suppose -2*z = 2*z - 144. Suppose -2*w = -26 - z. Let o = -13 + w. What are the prime factors of o?
2, 3
Let g = -12 - -6. Let z = g - -19. List the prime factors of z.
13
Let o(a) = a - 3. Let k be o(10). Let t(s) = -4*s**2 + 12*s - 7. Let g(y) = 9*y**2 - 25*y + 14. Let r(f) = k*t(f) + 3*g(f). What are the prime factors of r(6)?
11
Let w(n) = n + 5. Suppose -2*a - 4 = -r, 3*r + 7 = 1. What are the prime factors of w(a)?
2
Suppose -4*t + 28 = 4*r, 2*t + 4 = 3*r + 3. Let j be t/6*12 + 2. What are the prime factors of j - -3*(-4)/(-6)?
2, 3
Let z be (2 - (-2 - -1))*23. Suppose 12 = 3*s - z. List the prime factors of s.
3
List the prime factors of ((-18)/8)/(-9) - 239/(-4).
2, 3, 5
Let n be 6/(-21) + 111/21. Suppose -4*r + 16 - 4 = 0. Suppose 0 = m - r*b + n + 1, 5*m - 3*b = 18. List the prime factors of m.
2, 3
Let c be 25/(-